e x(v).
6
Let t be 77/35 + (-2)/10. Let n(c) = c**2 - 3*c + 2. Calculate n(t).
0
Let k(x) = -x**3 - 1. Let j(m) = m**3 + m**2 - m - 19. Let l(i) = -j(i) - 2*k(i). Determine l(0).
21
Let k(h) = h**2 - 3*h - 2. Let q be k(3). Let r(s) be the second derivative of -s**4/6 - s**3/6 + s**2 - 23*s. Calculate r(q).
-4
Let n be (0 - 3)*3/9. Let l be -4*(3 + -2) - n. Let d(h) = h**2 + 4*h - 2. Give d(l).
-5
Let p(x) = -x**2 - 12*x - 13. Suppose 61 = -2*a + 41. Give p(a).
7
Let t(p) = p + 11. Let z(x) = -4. Let i(o) = 2*t(o) + 7*z(o). Determine i(5).
4
Let v be 2*2*60/16. Suppose 2*i = -i + 9, -5*i + v = -2*g. Let w(b) = b + 5. Determine w(g).
5
Let d(w) be the third derivative of -w**6/120 - w**5/30 + w**4/12 + w**3/6 + 16*w**2. Calculate d(-2).
-3
Let m(o) = 5*o - 3 + 0 + 2 + 2. Give m(-2).
-9
Let i(o) be the second derivative of -o**5/20 - 5*o**4/6 - o**3/6 - 11*o**2/2 + 4*o + 4. What is i(-10)?
-1
Let c(d) = -d**3 + d**2. Let o(z) = 4*z**3 - 5*z**2 + z + 2. Let g(k) = 5*c(k) + o(k). Let r(u) = u**3 + u**2 + u - 1. Let f(m) = g(m) + 2*r(m). Give f(-2).
-6
Suppose 0 = -3*q + 2*y + 8, 4*q + 4*y - 50 = -q. Suppose 3*n - q*n - 9 = 0. Let b(x) = x**2 + 6*x + 4. Calculate b(n).
-5
Let s(h) = 32*h**2 - 33*h**2 + 2*h + 2*h - 2 + 2*h. Calculate s(5).
3
Let w(j) = -j**2 + j - 1. Let k(i) = -i**2 + 4*i - 1. Let o be k(3). Let s be w(o). Let t(g) = -17*g + 9*g + 3 + 11*g. Give t(s).
-6
Let h = -5 + 8. Let s(y) = y - 3. Let a be s(h). Let i(d) = 6*d + a + 4 - 2 - d. Determine i(-2).
-8
Let r(i) = i. Let s(k) = -2*k - 3. Let l(q) = -q**3 - 2*q**2 - 3*q - 3. Let a be l(-2). Let h(g) = a*r(g) + s(g). Calculate h(-3).
-6
Let x(t) = 3*t**3 - 8*t**2 + 3*t. Let g(p) = 7*p**3 - 17*p**2 + 7*p - 1. Let f(h) = 2*g(h) - 5*x(h). What is f(5)?
18
Let l(x) = -x**2 + 4*x. Let t be l(4). Suppose 2 = k - t. Let d = 5 - k. Let s(g) = -g**2 + 2*g + 3. Give s(d).
0
Suppose 5*s + 3 = 5*b - 22, -2*s = b + 1. Let k(l) = 0*l - b - l**2 - l**3 - l - l**2. Suppose -3*g - 4*f + 2*f - 9 = 0, 0 = -5*g - 5*f - 15. Determine k(g).
9
Let r(g) = 4 + 2*g**3 - 489*g + 5*g**2 - g**3 + 481*g. Calculate r(-6).
16
Let a(i) = -2*i**2 + i. Let y = 3 + -2. Give a(y).
-1
Suppose g - 1 + 0 = 0. Let w(a) be the first derivative of 3*a**4 + a**3/3 - a**2/2 + a - 78. What is w(g)?
13
Let h(q) be the third derivative of q**4/8 + 2*q**3/3 - 13*q**2. Calculate h(4).
16
Let c(f) = -11*f - 11. Let m be 40/15*(-3)/(-2). Let x(i) = m*i - 1 - 6 - 9*i + 2. Let w(a) = 6*c(a) - 13*x(a). What is w(-2)?
1
Let d = 1 + -4. Let m(o) = 3 - 50*o**3 - 4*o**2 + 49*o**3 - 1 - 3*o. What is m(d)?
2
Let s(n) = 5 - 3 - n**2 + 2*n - 3. Let l be (-4)/(-4)*(2 + -1). What is s(l)?
0
Let s(m) = 2*m**2 - m. Let g be 2/(-3) - 40/(-6). Let b = 7 - g. Calculate s(b).
1
Let l(t) be the second derivative of -t**4/12 + t**3/6 - t**2/2 - 6*t. What is l(3)?
-7
Suppose -2*i = -i - 3. Let l(y) = -y**3 + 5*y**2 - 3*y - 3. Give l(i).
6
Let h(i) = -5*i**2 + 0*i**3 + i - i**3 - 6*i - 2 + 0*i. Determine h(-4).
2
Suppose 3*y = 7*y - 8. Let j(u) = -549*u + u**y + 549*u. Give j(0).
0
Let l(n) = 3*n**2 - 2*n**3 + n**2 + 3*n + 3 + 3*n**3. Let z be l(-3). Let m(i) = 4*i - 3*i - 3 - 2*i + i**2 - i**z. Determine m(0).
-3
Suppose 4*n + 32 = 4*r, 19 = 4*n - 5*r + 54. Let d(f) = f + 6. What is d(n)?
1
Suppose 0*v - 4*v - 2*x + 24 = 0, -3*x + 1 = -v. Suppose 42 = -v*y + 12. Let h(g) = -g**3 - 5*g**2 + 8*g + 4. Determine h(y).
-8
Let j(n) be the third derivative of -n**5/60 - 5*n**4/24 - n**3/2 + 8*n**2. Suppose -20 = -3*p - 2*p. Suppose 11 = -p*a - 5. Determine j(a).
1
Let q(l) = -l. Let p(x) = -x**2 - 5. Let o(t) = -p(t) - q(t). Suppose -5*j - 15 = -0*y + 5*y, -5*j - 15 = 0. Determine o(y).
5
Let p(t) = 5*t**3 - t + 1. Let y(d) = d - 1. Let r be y(2). Give p(r).
5
Suppose -33 = 2*v + 3*l, 4*v + 45 + 20 = -5*l. Let p = -10 - v. Let n(c) = -c**3 + 5*c**2 - c + 4. Determine n(p).
-1
Let d(k) = -k**2 + 6*k - 3. Let i = -2 + 14. Let p = 17 - i. Suppose -3*s + p*s - 6 = 0. Determine d(s).
6
Let m(l) = -1 + 11*l**3 + 27*l + 24*l - 49*l. Let d(p) = -p - 4. Let v be d(-5). Calculate m(v).
12
Let r(i) = -i**2. Let j(c) be the second derivative of c**6/720 - c**5/24 + c**4/6 - c. Let t(z) be the third derivative of j(z). Let f be t(4). What is r(f)?
-1
Let t(n) = 19*n**3 + 3*n**2 - 5*n - 5. Let b(l) = -10*l**3 - l**2 + 2*l + 2. Let c(a) = 5*b(a) + 2*t(a). Give c(1).
-11
Let o(l) = -l**3 - 4*l**2 - 2*l + 2. Let b(k) be the second derivative of -k**3/6 - k**2 - k. Suppose 0 = -4*s - 2 + 2. Let i be b(s). Give o(i).
-2
Let k(d) be the first derivative of 2/3*d**3 - d**2 - 4 + d. Calculate k(2).
5
Let c = 3/26 + 43/78. Let j(s) be the first derivative of 1 + 2*s + c*s**3 + 0*s**2. What is j(2)?
10
Let u be (7/14)/(1/(-14)). Let z(y) = -y**2 + 4. Let x(r) = 3*r**2 - r - 11. Let s(j) = u*z(j) - 2*x(j). What is s(-5)?
9
Let p = 10 + -6. Suppose p*m = -4 + 20. Let t(k) = 2*k**2 - 4*k - 5. Give t(m).
11
Suppose -w - 1 = -5. Suppose 0 = -w*a - 5*f - 39 - 0, 0 = 2*a + 5*f + 7. Let b = 11 + a. Let k(t) = -t**2 - 7*t - 6. Calculate k(b).
4
Suppose -6 = -4*u + 2*u. Let b be (20/(-15))/((-2)/u). Let n(q) = 0 + 5*q - b*q + 2 - 6*q. Determine n(2).
-4
Let o(l) = -9*l + 8. Let u(d) = -7*d + 7. Let w(h) = -3*o(h) + 4*u(h). Give w(8).
-4
Let l be (12/9)/((-2)/(-3)). Let i(q) be the first derivative of l + 1/4*q**4 + 0*q**3 + 0*q**2 + q. Calculate i(1).
2
Let j be -5*1*6/5. Let l = 0 + j. Let g(o) = o - 2. What is g(l)?
-8
Let a = 11 - 6. Suppose 2*k = -a*i + k + 7, 5*i - 3 = k. Let t(l) = 3*l**2 - l. Determine t(i).
2
Let c(j) = -3*j + 3. Let a be c(-1). Let z(m) = -m - 2. Determine z(a).
-8
Let a(n) = -2*n**3 + 3*n**2 - 1. Let c be a(2). Let g(u) = u + 11. Determine g(c).
6
Let a(j) = j**3 - 17*j**2 - 18*j + 3. Let o be a(18). Let r(f) be the second derivative of f**5/20 - f**4/3 + f**3/6 - 3*f**2/2 + f. What is r(o)?
-9
Suppose -4*f = -12 - 8. Suppose -f*o = -2*o - 9. Let u(m) = m**2 + 0*m**3 - 3*m**3 - 4*m**o - 1. Determine u(1).
-7
Let v(f) = -2*f + 3. Suppose -4*j - 52 = 4*h, 0*h + 4*j - 23 = h. Let n = h - -8. Let z be 0/n + 1*2. Calculate v(z).
-1
Let k be (-3)/6 + (-11)/2. Let d(r) = r**3 + 5*r**2 - 6*r - 3. Calculate d(k).
-3
Let y(q) = q - 7. Let z be 2 + (-6)/3 + 2. Suppose z = -v - 3*s, -5 + 17 = 2*v - 2*s. Suppose -k + 4*o - 3 = -6, -v*o + 12 = 4*k. Calculate y(k).
-4
Let b = -9 + 8. Let g(r) = -21*r**3 - 10*r**2 + r - 16. Let s(i) = 4*i**3 + 2*i**2 + 3. Let t(l) = 2*g(l) + 11*s(l). Give t(b).
-1
Let q(u) = -3 - 10*u + 2 + 6*u. Suppose 3*h - 2*h = 4. Suppose -1 = -h*v + 3. What is q(v)?
-5
Let f(m) be the first derivative of m**3/3 - 5*m**2/2 - 3*m - 2. Determine f(5).
-3
Suppose -5*d + 20 = -0. Suppose 6*j - 4 = 4*j. Let u(n) = 2*n**2 - 5*n + n - n**j - 1. What is u(d)?
-1
Let o(d) be the first derivative of -d**2 + 7*d + 1. Let y(b) be the first derivative of b**2 - 6*b + 6. Let n(l) = 2*o(l) + 3*y(l). Give n(5).
6
Let j be 1/(1 + 9/(-12)). Let t(g) = 5*g - g**2 - 6*g + 4*g - 2 + j*g. What is t(7)?
-2
Let b(w) be the first derivative of -w**2/2 - 7*w + 19. Give b(0).
-7
Let m(i) = 5*i. Let t be ((-5)/(-15))/((-4)/(-12)). Give m(t).
5
Let h(w) = w**3 - 3*w**2 - 5*w + 5. Let r be h(4). Let b(s) = -3*s**3 - 2*s + 1 + s**3 + 0*s**2 + s**2. Give b(r).
-2
Let f(q) = -2*q - 6. Let w(u) = 3*u**2 + 2*u - 3. Let b be w(-3). Suppose -6*j - b = -3*j. Determine f(j).
6
Let s(v) be the first derivative of v**3/3 + 3*v**2 - 10*v - 1. Let z be s(-7). Let u(k) = k**3 + k**2 - 5*k - 2. Determine u(z).
-5
Let q(z) = 2*z - 5. Let k be (-4)/(2 - 0) + 2. Let g be (-1 + k/(-2))*-5. Suppose -g*t + 12 = -8. Give q(t).
3
Let i(k) = k - 1. Let z(q) = -3*q**2 + 4*q - 2. Let n be z(2). Calculate i(n).
-7
Let i(k) = -k**3 + 2*k**2 + 2*k - 1. Let x be i(2). Let w(h) = -h + 1. Calculate w(x).
-2
Let f(h) = -h**2 + h. Suppose -2*y = 3*n - 16, -2*y + 17 = -4*n + 3*y. What is f(n)?
-2
Let h(m) = m**2 + 4*m - 7. Let s be ((-16)/20)/(4/30). What is h(s)?
5
Let u(d) = -d**2 + 5*d + 6. Let g(z) = -4*z**2 + 20*z + 25. Let f(v) = 2*g(v) - 9*u(v). Determine f(6).
2
Let w(s) = -s**3 - 4*s**2 - 1. Suppose -3*c + 3*j = 27, 3*c = 2*j + 3*j - 35. What is w(c)?
24
Let l(i) = i**3 - i - 7. Let a(k) = -7*k - 5. Let o be a(-5). Let d be 2/(-3) - (-20)/o. Determine l(d).
-7
Let z(c) = 3*c. Let a(p) = p + 1. Let w(f) = 2*f + 6. L